9 prime?
False
Is 1220960453 composite?
False
Is 16763960515 a composite number?
True
Is 26836068637 a prime number?
False
Is 298779469 composite?
False
Is 731118953 a composite number?
False
Is 866977577 composite?
True
Is 1096438289 prime?
True
Is 32382990703 composite?
True
Is 85024667113 a prime number?
True
Is 4096999859 a prime number?
True
Is 2174971511 a prime number?
True
Is 1830607 a prime number?
False
Is 2052310621 prime?
False
Is 24600444223 composite?
False
Is 173490547 composite?
False
Is 402988219 a composite number?
False
Is 2332346381 a composite number?
False
Is 72075398467 a composite number?
False
Is 10371627921 composite?
True
Is 69554341 a prime number?
False
Is 41236464211 a prime number?
True
Is 12347045153 composite?
False
Is 857444921 prime?
False
Is 702451423 a prime number?
False
Is 117221605 a composite number?
True
Is 117744351583 prime?
True
Is 1250341061 composite?
True
Is 6590801051 a composite number?
False
Is 23095013479 a composite number?
True
Is 918458713 a prime number?
False
Is 24494921 composite?
True
Is 2653970327 a prime number?
False
Is 269141887 a prime number?
False
Is 7922132633 prime?
True
Is 12284261243 prime?
True
Is 39957640483 a composite number?
True
Is 1166165479 prime?
True
Is 817601737 composite?
True
Is 31855252127 a prime number?
True
Is 489040899 composite?
True
Is 1872060143 composite?
True
Is 1576857197 prime?
True
Is 14723511499 composite?
True
Is 25873462339 prime?
True
Is 5613340501 a prime number?
True
Is 907086343 a prime number?
True
Is 6285096497 a prime number?
True
Is 1701712763 a composite number?
False
Is 35831095747 composite?
False
Is 527285009 composite?
False
Is 64354719001 a prime number?
False
Is 101403139003 a composite number?
True
Is 54399499109 a prime number?
True
Is 12017693 a composite number?
True
Is 1510034497 composite?
False
Is 134385435599 composite?
False
Is 13008482407 composite?
False
Is 27360396433 a composite number?
False
Is 5923327997 composite?
False
Is 5001509131 a prime number?
True
Is 129475707941 a composite number?
False
Is 21572213171 a prime number?
False
Is 128081257 a composite number?
False
Is 7407345461 prime?
True
Is 1244826383 a composite number?
False
Is 8956172639 prime?
True
Is 269115199457 prime?
False
Is 11756686321 a prime number?
False
Is 1077894449 a prime number?
True
Is 77624481091 a composite number?
True
Is 4330261147 a prime number?
True
Is 14540459429 composite?
False
Is 7302085165 composite?
True
Is 1737986711 composite?
False
Is 352457641 composite?
True
Is 1229228233 a composite number?
False
Is 2667026959 prime?
True
Is 1012515311 a composite number?
False
Is 86483389 composite?
True
Is 77849144917 a prime number?
False
Is 117004873 prime?
True
Is 4911013759 prime?
False
Is 19436993885 prime?
False
Is 402403535 a composite number?
True
Is 1980844435 composite?
True
Is 6501154871 composite?
True
Is 1051558831 a prime number?
False
Is 32489081969 a composite number?
False
Is 12274814779 prime?
True
Is 2363961907 composite?
False
Is 235565501957 composite?
False
Is 657898685 composite?
True
Is 13673388719 a composite number?
False
Is 4252240563 composite?
True
Is 2219872051 composite?
True
Is 3114687901 a prime number?
False
Is 916876469 prime?
False
Is 1056240623 a composite number?
False
Is 55175759083 a composite number?
False
Is 537450031 prime?
True
Is 905633549 prime?
True
Is 46526166829 composite?
True
Is 1610441219 composite?
True
Is 12203904799 a composite number?
False
Is 1298067601 a composite number?
False
Is 3814868617 composite?
True
Is 13196244011 a prime number?
False
Is 5036611597 composite?
False
Is 33802796999 a prime number?
False
Is 1849331969 prime?
False
Is 198440277203 a composite number?
True
Is 40337145451 a prime number?
True
Is 18876220117 a prime number?
False
Is 159242041747 composite?
True
Is 16280285887 prime?
False
Is 7026887471 a prime number?
True
Is 14006277979 a composite number?
False
Is 5987642477 prime?
True
Is 6567337814 prime?
False
Is 221170567799 a composite number?
True
Is 15468775103 a composite number?
True
Is 22883733463 a composite number?
False
Is 3027155591 composite?
True
Is 4140225437 a composite number?
False
Is 364951687 prime?
False
Is 21755700187 composite?
True
Is 16262262239 a prime number?
True
Is 7306465031 a composite number?
True
Is 65417885581 a prime number?
False
Is 114649669 a prime number?
True
Is 11313152611 composite?
False
Is 32934757231 a prime number?
False
Is 2346616529 a composite number?
True
Is 159875351 a prime number?
False
Is 1500989101 composite?
True
Is 17271469 prime?
True
Is 27542588147 prime?
True
Is 8441585629 composite?
False
Is 78902159201 a prime number?
False
Is 4237381327 composite?
False
Is 11894381507 prime?
True
Is 519941281 a prime number?
False
Is 11003798447 composite?
False
Is 18324778259 prime?
False
Is 334314317 a composite number?
False
Is 3625013209 a prime number?
False
Is 20608992953 prime?
False
Is 6824783239 a composite number?
False
Is 11544263771 a composite number?
False
Is 4930117819 a prime number?
False
Is 31753617199 a prime number?
False
Is 24790462321 a prime number?
True
Is 1803349931 a prime number?
True
Is 23811479465 prime?
False
Is 1190058677 prime?
False
Is 621427997 a prime number?
False
Is 37623363473 a prime number?
True
Is 172088999 composite?
True
Is 10205161 composite?
False
Is 13687436701 a composite number?
True
Is 468481049 a composite number?
False
Is 2075749055 composite?
True
Is 51011381 a composite number?
True
Is 10676317109 a prime number?
True
Is 32143259699 a prime number?
True
Is 227101739 prime?
False
Is 6313423033 composite?
True
Is 2520942469 composite?
True
Is 98547354143 a prime number?
False
Is 4941257807 a composite number?
False
Is 126609628459 a composite number?
False
Is 10150122649 a composite number?
True
Is 1568589889 composite?
True
Is 1527001811 a prime number?
True
Is 3733161769 composite?
False
Is 7165230063 a prime number?
False
Is 1571015143 prime?
True
Is 6420653741 a composite number?
True
Is 36233999 prime?
False
Is 1224702881 prime?
False
Is 2115798341 a composite number?
False
Is 9230237959 composite?
False
Is 23735852603 a prime number?
False
Is 1286578583 a composite number?
False
Is 225566963 prime?
False
Is 44262667013 a prime number?
True
Is 27574161569 prime?
True
Is 20994506693 a composite number?
False
Is 197479339 composite?
False
Is 24699426779 prime?
True
Is 54676544749 prime?
True
Is 14790360857 a composite number?
False
Is 146976559 composite?
False
Is 1340110517 a prime number?
True
Is 7385065399 prime?
True
Is 996623807 prime?
True
Is 82436957 composite?
True
Is 46978719383 composite?
False
Is 7523103971 a prime number?
False
Is 52276342669 a prime number?
True
Is 5113211219 prime?
True
Is 44222485649 prime?
True
Is 66300190493 a composite number?
True
Is 7537597567 composite?
True
Is 954773327 a prime number?
True
Is 2167649021 a composite number?
False
Is 942648101 a composite number?
True
Is 13517907217 a prime number?
True
Is 9611527819 a composite number?
False
Is 10764815873 composite?
True
Is 2127720383 a prime number?
True
Is 2872399139 prime?
False
Is 2322169019 a composite number?
False
Is 2306740433 composite?
False
Is 1953529639 a prime number?
False
Is 1002504673 prime?
True
Is 1396090093 a composite number?
False
Is 2503326583 composite?
True
Is 28441175507 composite?
True
Is 13924136713 prime?
False
Is 355734263 prime?
True
Is 11719510547 a prime number?
True
Is 14566248889 a composite number?
True
Is 5332108151 a prime number?
True
Is 23978781583 a composite number?
True
Is 16628843051 prime?
True
Is 161389289 composite?
False
Is 5267504849 composite?
False
Is 15222218069 a prime number?
True
Is 1652631733 a composite number?
False
Is 13548821107 composite?
False
Is 406715357 a prime number?
False
Is 80955079591 a prime number?
True
Is 8760107 composite?
False
Is 21978562009 a composite number?
True
Is 11053290673 a composite number?
True
Is 34948579361 a composite number?
False
Is 1189183397 composite?
False
Is 52355339969 a composite number?
False
Is 326845761545 composite?
True
Is 2536279409 prime?
False
Is 8379855247 composite?
True
Is 136505651 a composite number?
False
Is 39218501633 composite?
False
Is 315591307 comp